{"id":2,"date":"2020-12-19T10:32:07","date_gmt":"2020-12-19T09:32:07","guid":{"rendered":"http:\/\/wygadajmysie.pl\/?page_id=2"},"modified":"2025-06-25T14:58:56","modified_gmt":"2025-06-25T12:58:56","slug":"przykladowa-strona","status":"publish","type":"page","link":"http:\/\/wygadajmysie.pl\/","title":{"rendered":""},"content":{"rendered":"\n<p class=\"has-text-align-center\"><strong>Wygadajmy si\u0119 to przestrze\u0144, w kt\u00f3rej s\u0142owa naprawd\u0119 maj\u0105 znaczenie<\/strong><\/p>\n\n\n\n<p class=\"has-text-align-center\">To nie tylko nazwa, to zaproszenie do rozmowy i spotkania. <\/p>\n\n\n\n<p class=\"has-text-align-center\">Do odwa\u017cnego wyra\u017cania siebie \u2013 z empati\u0105, szacunkiem i intencj\u0105 porozumienia.<\/p>\n\n\n\n<p class=\"has-text-align-center\">Jestem <strong>mediatork\u0105<\/strong>, kt\u00f3ra wierzy, \u017ce zdrowa komunikacja mo\u017ce zmieni\u0107 wszystko. Pomagam osobom, parom, rodzinom i zespo\u0142om odzyska\u0107 dialog tam, gdzie dawno przesta\u0142o si\u0119 rozmawia\u0107, a zacz\u0119\u0142o walczy\u0107. <\/p>\n\n\n\n<p class=\"has-text-align-center\"><strong>Poka\u017c\u0119 Ci, jak m\u00f3wi\u0107, by by\u0107 us\u0142yszanym i jak s\u0142ucha\u0107, by naprawd\u0119 zrozumie\u0107.<\/strong><\/p>\n\n\n<div class=\"wp-block-image\">\n<figure class=\"aligncenter size-medium\"><img loading=\"lazy\" decoding=\"async\" width=\"300\" height=\"212\" src=\"http:\/\/wygadajmysie.pl\/wp-content\/uploads\/2021\/04\/komunikacja-300x212.jpg\" alt=\"\" class=\"wp-image-466\" srcset=\"http:\/\/wygadajmysie.pl\/wp-content\/uploads\/2021\/04\/komunikacja-300x212.jpg 300w, http:\/\/wygadajmysie.pl\/wp-content\/uploads\/2021\/04\/komunikacja-1024x724.jpg 1024w, http:\/\/wygadajmysie.pl\/wp-content\/uploads\/2021\/04\/komunikacja-768x543.jpg 768w, http:\/\/wygadajmysie.pl\/wp-content\/uploads\/2021\/04\/komunikacja-1536x1086.jpg 1536w, http:\/\/wygadajmysie.pl\/wp-content\/uploads\/2021\/04\/komunikacja-2048x1448.jpg 2048w\" sizes=\"(max-width: 300px) 100vw, 300px\" \/><\/figure><\/div>\n\n\n<p class=\"has-text-align-center\"><strong>KOMUNIKACJA \u2013 fundament relacji<\/strong><\/p>\n\n\n\n<p class=\"has-text-align-center\">Wi\u0119kszo\u015b\u0107 konflikt\u00f3w nie zaczyna si\u0119 od z\u0142ych intencji, ale od <strong>braku rozmowy<\/strong>. Od niedopowiedze\u0144, domys\u0142\u00f3w, przemilcze\u0144 i napi\u0119\u0107, kt\u00f3re z czasem narastaj\u0105. Na moich warsztatach i konsultacjach uczymy si\u0119 nie tylko <em>co<\/em> m\u00f3wi\u0107, ale przede wszystkim <strong><em>jak<\/em> <\/strong>m\u00f3wi\u0107, czyli z klarowno\u015bci\u0105, autentyczno\u015bci\u0105 i uwa\u017cno\u015bci\u0105.<\/p>\n\n\n\n<p class=\"has-text-align-center\"><strong> EMPATIA \u2013 most mi\u0119dzy r\u00f3\u017cnicami<\/strong><\/p>\n\n\n\n<p class=\"has-text-align-center\">Nie musimy si\u0119 zgadza\u0107, \u017ceby si\u0119 porozumie\u0107. Empatia pozwala nam <strong>dostrzec uczucia i potrzeby drugiego cz\u0142owieka<\/strong> bez oceniania. To postawa, kt\u00f3r\u0105 wnosz\u0119 do ka\u017cdej mediacji i spotkania. Tworz\u0119 bezpieczn\u0105 przestrze\u0144, w kt\u00f3rej ka\u017cda ze stron mo\u017ce zosta\u0107 naprawd\u0119 us\u0142yszana.<\/p>\n\n\n\n<p class=\"has-text-align-center\"><strong>BEZSTRONNO\u015a\u0106 \u2013 mediacja bez przymusu<\/strong><\/p>\n\n\n\n<p class=\"has-text-align-center\">W mediacji nikt nie przegrywa. Nie rozstrzygam, kto ma racj\u0119. Pomagam znale\u017a\u0107 wsp\u00f3lne rozwi\u0105zanie. Moim zadaniem jest towarzyszy\u0107 Wam w <strong>odbudowaniu komunikacji<\/strong>, odzyskaniu zaufania i doj\u015bciu do porozumienia, kt\u00f3re b\u0119dzie satysfakcjonuj\u0105ce dla obu stron.<\/p>\n\n\n\n<p class=\"has-text-align-center\"><br><\/p>\n\n\n\n<h2 class=\"wp-block-heading has-text-align-center\">Co u mnie znajdziesz?<\/h2>\n\n\n\n<div class=\"wp-block-columns alignwide is-layout-flex wp-container-core-columns-layout-1 wp-block-columns-is-layout-flex\">\n<div class=\"wp-block-column is-layout-flow wp-block-column-is-layout-flow\">\n<figure class=\"wp-block-image size-large\"><img loading=\"lazy\" decoding=\"async\" width=\"1024\" height=\"1024\" src=\"http:\/\/wygadajmysie.pl\/wp-content\/uploads\/2023\/06\/Kontakt-2-1024x1024.png\" alt=\"\" class=\"wp-image-1044\" srcset=\"http:\/\/wygadajmysie.pl\/wp-content\/uploads\/2023\/06\/Kontakt-2-1024x1024.png 1024w, http:\/\/wygadajmysie.pl\/wp-content\/uploads\/2023\/06\/Kontakt-2-300x300.png 300w, http:\/\/wygadajmysie.pl\/wp-content\/uploads\/2023\/06\/Kontakt-2-150x150.png 150w, http:\/\/wygadajmysie.pl\/wp-content\/uploads\/2023\/06\/Kontakt-2-768x768.png 768w, http:\/\/wygadajmysie.pl\/wp-content\/uploads\/2023\/06\/Kontakt-2.png 1080w\" sizes=\"(max-width: 1024px) 100vw, 1024px\" \/><\/figure>\n\n\n\n<p class=\"has-text-align-center\"><strong>Edukacj\u0119 z zakresu zdrowej komunikacji<\/strong><\/p>\n<\/div>\n\n\n\n<div class=\"wp-block-column is-layout-flow wp-block-column-is-layout-flow\">\n<figure class=\"wp-block-image size-large\"><img loading=\"lazy\" decoding=\"async\" width=\"1024\" height=\"1024\" src=\"http:\/\/wygadajmysie.pl\/wp-content\/uploads\/2023\/06\/Kontakt-1-1024x1024.png\" alt=\"\" class=\"wp-image-1042\" srcset=\"http:\/\/wygadajmysie.pl\/wp-content\/uploads\/2023\/06\/Kontakt-1-1024x1024.png 1024w, http:\/\/wygadajmysie.pl\/wp-content\/uploads\/2023\/06\/Kontakt-1-300x300.png 300w, http:\/\/wygadajmysie.pl\/wp-content\/uploads\/2023\/06\/Kontakt-1-150x150.png 150w, http:\/\/wygadajmysie.pl\/wp-content\/uploads\/2023\/06\/Kontakt-1-768x768.png 768w, http:\/\/wygadajmysie.pl\/wp-content\/uploads\/2023\/06\/Kontakt-1.png 1080w\" sizes=\"(max-width: 1024px) 100vw, 1024px\" \/><\/figure>\n\n\n\n<p class=\"has-text-align-center\"><strong>Szkolenia i warsztaty<\/strong><\/p>\n<\/div>\n\n\n\n<div class=\"wp-block-column is-layout-flow wp-block-column-is-layout-flow\">\n<figure class=\"wp-block-image size-large\"><img loading=\"lazy\" decoding=\"async\" width=\"1024\" height=\"1024\" src=\"http:\/\/wygadajmysie.pl\/wp-content\/uploads\/2023\/06\/Kontakt-1024x1024.png\" alt=\"\" class=\"wp-image-1040\" srcset=\"http:\/\/wygadajmysie.pl\/wp-content\/uploads\/2023\/06\/Kontakt-1024x1024.png 1024w, http:\/\/wygadajmysie.pl\/wp-content\/uploads\/2023\/06\/Kontakt-300x300.png 300w, http:\/\/wygadajmysie.pl\/wp-content\/uploads\/2023\/06\/Kontakt-150x150.png 150w, http:\/\/wygadajmysie.pl\/wp-content\/uploads\/2023\/06\/Kontakt-768x768.png 768w, http:\/\/wygadajmysie.pl\/wp-content\/uploads\/2023\/06\/Kontakt.png 1080w\" sizes=\"(max-width: 1024px) 100vw, 1024px\" \/><\/figure>\n\n\n\n<p class=\"has-text-align-center\"><strong>Mediacje<\/strong><\/p>\n<\/div>\n<\/div>\n\n\n\n<div class=\"wp-block-columns alignwide is-layout-flex wp-container-core-columns-layout-2 wp-block-columns-is-layout-flex\">\n<div class=\"wp-block-column is-layout-flow wp-block-column-is-layout-flow\"><\/div>\n\n\n\n<div class=\"wp-block-column is-layout-flow wp-block-column-is-layout-flow\"><\/div>\n\n\n\n<div class=\"wp-block-column is-layout-flow wp-block-column-is-layout-flow\"><\/div>\n<\/div>\n\n\n\n<p><\/p>\n","protected":false},"excerpt":{"rendered":"<p>Wygadajmy si\u0119 to przestrze\u0144, w kt\u00f3rej s\u0142owa naprawd\u0119 maj\u0105 znaczenie To nie tylko nazwa, to zaproszenie do rozmowy i spotkania. Do odwa\u017cnego wyra\u017cania siebie \u2013 z empati\u0105, szacunkiem i intencj\u0105 porozumienia. Jestem mediatork\u0105, kt\u00f3ra wierzy, \u017ce zdrowa komunikacja mo\u017ce zmieni\u0107 wszystko. Pomagam osobom, parom, rodzinom i zespo\u0142om odzyska\u0107 dialog tam, [&hellip;]<\/p>\n","protected":false},"author":1,"featured_media":0,"parent":0,"menu_order":0,"comment_status":"closed","ping_status":"open","template":"","meta":{"footnotes":""},"yoast_head":"<!-- This site is optimized with the Yoast SEO plugin v15.5 - https:\/\/yoast.com\/wordpress\/plugins\/seo\/ -->\n<title>- Wygadajmysie.pl<\/title>\n<meta name=\"description\" content=\"Wygadajmysie.pl\" \/>\n<meta name=\"robots\" content=\"index, follow, max-snippet:-1, max-image-preview:large, max-video-preview:-1\" \/>\n<link rel=\"canonical\" href=\"http:\/\/wygadajmysie.pl\/\" \/>\n<meta property=\"og:locale\" content=\"pl_PL\" \/>\n<meta property=\"og:type\" content=\"article\" \/>\n<meta property=\"og:title\" content=\"- Wygadajmysie.pl\" \/>\n<meta property=\"og:description\" content=\"Wygadajmysie.pl\" \/>\n<meta property=\"og:url\" content=\"http:\/\/wygadajmysie.pl\/\" \/>\n<meta property=\"og:site_name\" content=\"Wygadajmysie.pl\" \/>\n<meta property=\"article:modified_time\" content=\"2025-06-25T12:58:56+00:00\" \/>\n<meta property=\"og:image\" content=\"http:\/\/wygadajmysie.pl\/wp-content\/uploads\/2021\/04\/komunikacja-300x212.jpg\" \/>\n<meta name=\"twitter:card\" content=\"summary_large_image\" \/>\n<meta name=\"twitter:label1\" content=\"Est. reading time\">\n\t<meta name=\"twitter:data1\" content=\"1 minuta\">\n<script type=\"application\/ld+json\" class=\"yoast-schema-graph\">{\"@context\":\"https:\/\/schema.org\",\"@graph\":[{\"@type\":\"WebSite\",\"@id\":\"http:\/\/wygadajmysie.pl\/#website\",\"url\":\"http:\/\/wygadajmysie.pl\/\",\"name\":\"Wygadajmysie.pl\",\"description\":\"Rozw\\u00f3j holistyczny - Psychologia | Medytacja | Duchowo\\u015b\\u0107\",\"potentialAction\":[{\"@type\":\"SearchAction\",\"target\":\"http:\/\/wygadajmysie.pl\/?s={search_term_string}\",\"query-input\":\"required name=search_term_string\"}],\"inLanguage\":\"pl-PL\"},{\"@type\":\"ImageObject\",\"@id\":\"http:\/\/wygadajmysie.pl\/#primaryimage\",\"inLanguage\":\"pl-PL\",\"url\":\"http:\/\/wygadajmysie.pl\/wp-content\/uploads\/2021\/04\/komunikacja.jpg\",\"width\":2245,\"height\":1587},{\"@type\":\"WebPage\",\"@id\":\"http:\/\/wygadajmysie.pl\/#webpage\",\"url\":\"http:\/\/wygadajmysie.pl\/\",\"name\":\"- Wygadajmysie.pl\",\"isPartOf\":{\"@id\":\"http:\/\/wygadajmysie.pl\/#website\"},\"primaryImageOfPage\":{\"@id\":\"http:\/\/wygadajmysie.pl\/#primaryimage\"},\"datePublished\":\"2020-12-19T09:32:07+00:00\",\"dateModified\":\"2025-06-25T12:58:56+00:00\",\"description\":\"Wygadajmysie.pl\",\"inLanguage\":\"pl-PL\",\"potentialAction\":[{\"@type\":\"ReadAction\",\"target\":[\"http:\/\/wygadajmysie.pl\/\"]}]}]}<\/script>\n<!-- \/ Yoast SEO plugin. -->","_links":{"self":[{"href":"http:\/\/wygadajmysie.pl\/index.php?rest_route=\/wp\/v2\/pages\/2"}],"collection":[{"href":"http:\/\/wygadajmysie.pl\/index.php?rest_route=\/wp\/v2\/pages"}],"about":[{"href":"http:\/\/wygadajmysie.pl\/index.php?rest_route=\/wp\/v2\/types\/page"}],"author":[{"embeddable":true,"href":"http:\/\/wygadajmysie.pl\/index.php?rest_route=\/wp\/v2\/users\/1"}],"replies":[{"embeddable":true,"href":"http:\/\/wygadajmysie.pl\/index.php?rest_route=%2Fwp%2Fv2%2Fcomments&post=2"}],"version-history":[{"count":99,"href":"http:\/\/wygadajmysie.pl\/index.php?rest_route=\/wp\/v2\/pages\/2\/revisions"}],"predecessor-version":[{"id":1095,"href":"http:\/\/wygadajmysie.pl\/index.php?rest_route=\/wp\/v2\/pages\/2\/revisions\/1095"}],"wp:attachment":[{"href":"http:\/\/wygadajmysie.pl\/index.php?rest_route=%2Fwp%2Fv2%2Fmedia&parent=2"}],"curies":[{"name":"wp","href":"https:\/\/api.w.org\/{rel}","templated":true}]}}